{"id":23,"date":"2023-05-10T08:54:51","date_gmt":"2023-05-10T08:54:51","guid":{"rendered":"https:\/\/www.m4systems.cz\/?page_id=23"},"modified":"2023-05-10T09:11:30","modified_gmt":"2023-05-10T09:11:30","slug":"m4systems","status":"publish","type":"page","link":"https:\/\/www.m4systems.cz\/","title":{"rendered":"M4Systems"},"content":{"rendered":"\t\t<div data-elementor-type=\"wp-page\" data-elementor-id=\"23\" class=\"elementor elementor-23\">\n\t\t\t\t\t\t\t\t\t<section class=\"elementor-section elementor-top-section elementor-element elementor-element-5d09e41 elementor-section-boxed elementor-section-height-default elementor-section-height-default\" data-id=\"5d09e41\" data-element_type=\"section\">\n\t\t\t\t\t\t<div class=\"elementor-container elementor-column-gap-default\">\n\t\t\t\t\t<div class=\"elementor-column elementor-col-100 elementor-top-column elementor-element elementor-element-b78cc8b\" data-id=\"b78cc8b\" data-element_type=\"column\">\n\t\t\t<div class=\"elementor-widget-wrap elementor-element-populated\">\n\t\t\t\t\t\t\t\t<div class=\"elementor-element elementor-element-92f5bd4 elementor-widget elementor-widget-toggle\" data-id=\"92f5bd4\" data-element_type=\"widget\" data-widget_type=\"toggle.default\">\n\t\t\t\t<div class=\"elementor-widget-container\">\n\t\t\t<style>\/*! elementor - v3.13.2 - 11-05-2023 *\/\n.elementor-toggle{text-align:left}.elementor-toggle .elementor-tab-title{font-weight:700;line-height:1;margin:0;padding:15px;border-bottom:1px solid #d5d8dc;cursor:pointer;outline:none}.elementor-toggle .elementor-tab-title .elementor-toggle-icon{display:inline-block;width:1em}.elementor-toggle .elementor-tab-title .elementor-toggle-icon svg{-webkit-margin-start:-5px;margin-inline-start:-5px;width:1em;height:1em}.elementor-toggle .elementor-tab-title .elementor-toggle-icon.elementor-toggle-icon-right{float:right;text-align:right}.elementor-toggle .elementor-tab-title .elementor-toggle-icon.elementor-toggle-icon-left{float:left;text-align:left}.elementor-toggle .elementor-tab-title .elementor-toggle-icon .elementor-toggle-icon-closed{display:block}.elementor-toggle .elementor-tab-title .elementor-toggle-icon .elementor-toggle-icon-opened{display:none}.elementor-toggle .elementor-tab-title.elementor-active{border-bottom:none}.elementor-toggle .elementor-tab-title.elementor-active .elementor-toggle-icon-closed{display:none}.elementor-toggle .elementor-tab-title.elementor-active .elementor-toggle-icon-opened{display:block}.elementor-toggle .elementor-tab-content{padding:15px;border-bottom:1px solid #d5d8dc;display:none}@media (max-width:767px){.elementor-toggle .elementor-tab-title{padding:12px}.elementor-toggle .elementor-tab-content{padding:12px 10px}}.e-con-inner>.elementor-widget-toggle,.e-con>.elementor-widget-toggle{width:var(--container-widget-width);--flex-grow:var(--container-widget-flex-grow)}<\/style>\t\t<div class=\"elementor-toggle\" role=\"tablist\">\n\t\t\t\t\t\t\t<div class=\"elementor-toggle-item\">\n\t\t\t\t\t<div id=\"elementor-tab-title-1541\" class=\"elementor-tab-title\" data-tab=\"1\" role=\"tab\" aria-controls=\"elementor-tab-content-1541\" aria-expanded=\"false\">\n\t\t\t\t\t\t\t\t\t\t\t\t<span class=\"elementor-toggle-icon elementor-toggle-icon-left\" aria-hidden=\"true\">\n\t\t\t\t\t\t\t\t\t\t\t\t\t\t\t<span class=\"elementor-toggle-icon-closed\"><i class=\"fas fa-caret-right\"><\/i><\/span>\n\t\t\t\t\t\t\t\t<span class=\"elementor-toggle-icon-opened\"><i class=\"elementor-toggle-icon-opened fas fa-caret-up\"><\/i><\/span>\n\t\t\t\t\t\t\t\t\t\t\t\t\t<\/span>\n\t\t\t\t\t\t\t\t\t\t\t\t<a href=\"\" class=\"elementor-toggle-title\">Kdo jsme?<\/a>\n\t\t\t\t\t<\/div>\n\n\t\t\t\t\t<div id=\"elementor-tab-content-1541\" class=\"elementor-tab-content elementor-clearfix\" data-tab=\"1\" role=\"tabpanel\" aria-labelledby=\"elementor-tab-title-1541\"><ul><li>Jsme nov\u011b vznikl\u00e1 firma reaguj\u00edc\u00ed na aktu\u00e1ln\u011b zvy\u0161uj\u00edc\u00ed se popt\u00e1vku po LNG technologi\u00edch.<\/li><li>P\u0159in\u00e1\u0161\u00edme V\u00e1m na\u0161e konkr\u00e9tn\u00ed letit\u00e9 zku\u0161enosti &amp; know-how v t\u00e9to oblasti.<\/li><\/ul><\/div>\n\t\t\t\t<\/div>\n\t\t\t\t\t\t\t<div class=\"elementor-toggle-item\">\n\t\t\t\t\t<div id=\"elementor-tab-title-1542\" class=\"elementor-tab-title\" data-tab=\"2\" role=\"tab\" aria-controls=\"elementor-tab-content-1542\" aria-expanded=\"false\">\n\t\t\t\t\t\t\t\t\t\t\t\t<span class=\"elementor-toggle-icon elementor-toggle-icon-left\" aria-hidden=\"true\">\n\t\t\t\t\t\t\t\t\t\t\t\t\t\t\t<span class=\"elementor-toggle-icon-closed\"><i class=\"fas fa-caret-right\"><\/i><\/span>\n\t\t\t\t\t\t\t\t<span class=\"elementor-toggle-icon-opened\"><i class=\"elementor-toggle-icon-opened fas fa-caret-up\"><\/i><\/span>\n\t\t\t\t\t\t\t\t\t\t\t\t\t<\/span>\n\t\t\t\t\t\t\t\t\t\t\t\t<a href=\"\" class=\"elementor-toggle-title\">Co nab\u00edz\u00edme?<\/a>\n\t\t\t\t\t<\/div>\n\n\t\t\t\t\t<div id=\"elementor-tab-content-1542\" class=\"elementor-tab-content elementor-clearfix\" data-tab=\"2\" role=\"tabpanel\" aria-labelledby=\"elementor-tab-title-1542\"><p>Na z\u00e1klad\u011b na\u0161ich dlouholet\u00fdch zku\u0161enost\u00ed nab\u00edz\u00edme:<\/p><ul><li>partnerstv\u00ed pro kompletn\u00ed projek\u010dn\u00ed a in\u017een\u00fdringov\u00e9 slu\u017eby<\/li><li>mo\u017enost zajistit pot\u0159ebn\u00e9 \u010dinnosti jako integr\u00e1tor p\u0159i realizaci technologick\u00fdch celk\u016f z\u00a0oblasti skladov\u00e1n\u00ed a distribuce LNG.<\/li><\/ul><\/div>\n\t\t\t\t<\/div>\n\t\t\t\t\t\t\t<div class=\"elementor-toggle-item\">\n\t\t\t\t\t<div id=\"elementor-tab-title-1543\" class=\"elementor-tab-title\" data-tab=\"3\" role=\"tab\" aria-controls=\"elementor-tab-content-1543\" aria-expanded=\"false\">\n\t\t\t\t\t\t\t\t\t\t\t\t<span class=\"elementor-toggle-icon elementor-toggle-icon-left\" aria-hidden=\"true\">\n\t\t\t\t\t\t\t\t\t\t\t\t\t\t\t<span class=\"elementor-toggle-icon-closed\"><i class=\"fas fa-caret-right\"><\/i><\/span>\n\t\t\t\t\t\t\t\t<span class=\"elementor-toggle-icon-opened\"><i class=\"elementor-toggle-icon-opened fas fa-caret-up\"><\/i><\/span>\n\t\t\t\t\t\t\t\t\t\t\t\t\t<\/span>\n\t\t\t\t\t\t\t\t\t\t\t\t<a href=\"\" class=\"elementor-toggle-title\">Pro\u010d zvolit spolupr\u00e1ci s n\u00e1mi?<\/a>\n\t\t\t\t\t<\/div>\n\n\t\t\t\t\t<div id=\"elementor-tab-content-1543\" class=\"elementor-tab-content elementor-clearfix\" data-tab=\"3\" role=\"tabpanel\" aria-labelledby=\"elementor-tab-title-1543\"><ul><li>Stav\u00edme na letit\u00fdch zku\u0161enostech z\u00edskan\u00fdch p\u0159i realizac\u00edch \u0161irok\u00e9 palety technologick\u00fdch projekt\u016f na vyu\u017eit\u00ed LNG.<\/li><li>Na\u0161i kl\u00ed\u010dov\u00ed pracovn\u00edci maj\u00ed hlubok\u00e9 a dlouholet\u00e9 zku\u0161enosti s\u00a0realizac\u00ed komplexn\u00edch projekt\u016f pro etablovan\u00e9 spole\u010dnosti nejen plyn\u00e1rensk\u00e9ho pr\u016fmyslu po cel\u00e9 Evrop\u011b.\u00a0<\/li><li>Individu\u00e1ln\u00ed posouzen\u00ed\u00a0va\u0161ich specifick\u00fdch po\u017eadavk\u016f, tvorba projek\u010dn\u011b-technick\u00fdch dokument\u016f nutn\u00fdch pro realizaci dod\u00e1vek projekt\u016f<\/li><li>Flexibiln\u00ed p\u0159\u00edstup k\u00a0va\u0161im pot\u0159eb\u00e1m, jak v\u00a0pr\u016fb\u011bhu prvotn\u00edch studi\u00ed proveditelnosti, p\u0159\u00edprav\u011b technick\u00fdch dokument\u016f pro v\u00fdb\u011brov\u00e1 \u0159\u00edzen\u00ed na dodavatele technologie, slu\u017eeb a dal\u0161\u00edch, tak i v\u00a0r\u00e1mci vlastn\u00ed realizace projektu.<\/li><\/ul><\/div>\n\t\t\t\t<\/div>\n\t\t\t\t\t\t\t<div class=\"elementor-toggle-item\">\n\t\t\t\t\t<div id=\"elementor-tab-title-1544\" class=\"elementor-tab-title\" data-tab=\"4\" role=\"tab\" aria-controls=\"elementor-tab-content-1544\" aria-expanded=\"false\">\n\t\t\t\t\t\t\t\t\t\t\t\t<span class=\"elementor-toggle-icon elementor-toggle-icon-left\" aria-hidden=\"true\">\n\t\t\t\t\t\t\t\t\t\t\t\t\t\t\t<span class=\"elementor-toggle-icon-closed\"><i class=\"fas fa-caret-right\"><\/i><\/span>\n\t\t\t\t\t\t\t\t<span class=\"elementor-toggle-icon-opened\"><i class=\"elementor-toggle-icon-opened fas fa-caret-up\"><\/i><\/span>\n\t\t\t\t\t\t\t\t\t\t\t\t\t<\/span>\n\t\t\t\t\t\t\t\t\t\t\t\t<a href=\"\" class=\"elementor-toggle-title\">Na\u0161e z\u00e1kladn\u00ed firemn\u00ed hodnoty<\/a>\n\t\t\t\t\t<\/div>\n\n\t\t\t\t\t<div id=\"elementor-tab-content-1544\" class=\"elementor-tab-content elementor-clearfix\" data-tab=\"4\" role=\"tabpanel\" aria-labelledby=\"elementor-tab-title-1544\"><p>Bezpe\u010dnost \/ Term\u00edny \/ Rozpo\u010det \/ Spolehlivost<\/p><p>Toto jsou na\u0161e z\u00e1kladn\u00ed stavebn\u00ed kameny \u00fasp\u011b\u0161n\u00e9 spolupr\u00e1ce na projektu.<\/p><\/div>\n\t\t\t\t<\/div>\n\t\t\t\t\t\t\t<div class=\"elementor-toggle-item\">\n\t\t\t\t\t<div id=\"elementor-tab-title-1545\" class=\"elementor-tab-title\" data-tab=\"5\" role=\"tab\" aria-controls=\"elementor-tab-content-1545\" aria-expanded=\"false\">\n\t\t\t\t\t\t\t\t\t\t\t\t<span class=\"elementor-toggle-icon elementor-toggle-icon-left\" aria-hidden=\"true\">\n\t\t\t\t\t\t\t\t\t\t\t\t\t\t\t<span class=\"elementor-toggle-icon-closed\"><i class=\"fas fa-caret-right\"><\/i><\/span>\n\t\t\t\t\t\t\t\t<span class=\"elementor-toggle-icon-opened\"><i class=\"elementor-toggle-icon-opened fas fa-caret-up\"><\/i><\/span>\n\t\t\t\t\t\t\t\t\t\t\t\t\t<\/span>\n\t\t\t\t\t\t\t\t\t\t\t\t<a href=\"\" class=\"elementor-toggle-title\">Kontakty<\/a>\n\t\t\t\t\t<\/div>\n\n\t\t\t\t\t<div id=\"elementor-tab-content-1545\" class=\"elementor-tab-content elementor-clearfix\" data-tab=\"5\" role=\"tabpanel\" aria-labelledby=\"elementor-tab-title-1545\"><p>Pokud V\u00e1s na\u0161e stru\u010dn\u00e9 p\u0159edstaven\u00ed zaujalo, r\u00e1di se s\u00a0V\u00e1mi sejdeme osobn\u011b.\u00a0<\/p><p>Pros\u00edme, kontaktujte n\u00e1s:<\/p><p>Ing. Ji\u0159\u00ed Zeman; +420\u00a0602\u00a0471\u00a0288; email: <a href=\"mailto:jiri.zeman@m4systems.cz\">jiri.zeman@m4systems.cz<\/a><\/p><p>Ing. Filip \u010cer\u0148ansk\u00fd; +420\u00a0606\u00a0938 272; email: <a href=\"mailto:filip.cernansky@m4systems.cz\">filip.cernansky@m4systems.cz<\/a><\/p><\/div>\n\t\t\t\t<\/div>\n\t\t\t\t\t\t\t\t<\/div>\n\t\t\t\t<\/div>\n\t\t\t\t<\/div>\n\t\t\t\t\t<\/div>\n\t\t<\/div>\n\t\t\t\t\t\t\t<\/div>\n\t\t<\/section>\n\t\t\t\t\t\t\t<\/div>\n\t\t","protected":false},"excerpt":{"rendered":"<p>Kdo jsme? Jsme nov\u011b vznikl\u00e1 firma reaguj\u00edc\u00ed na aktu\u00e1ln\u011b zvy\u0161uj\u00edc\u00ed se popt\u00e1vku po LNG technologi\u00edch. P\u0159in\u00e1\u0161\u00edme V\u00e1m na\u0161e konkr\u00e9tn\u00ed letit\u00e9 zku\u0161enosti &amp; know-how v t\u00e9to oblasti. Co nab\u00edz\u00edme? Na z\u00e1klad\u011b na\u0161ich dlouholet\u00fdch zku\u0161enost\u00ed nab\u00edz\u00edme: partnerstv\u00ed pro kompletn\u00ed projek\u010dn\u00ed a in\u017een\u00fdringov\u00e9 slu\u017eby mo\u017enost zajistit pot\u0159ebn\u00e9 \u010dinnosti jako integr\u00e1tor p\u0159i realizaci technologick\u00fdch celk\u016f z\u00a0oblasti skladov\u00e1n\u00ed a distribuce [&hellip;]<\/p>\n","protected":false},"author":1,"featured_media":0,"parent":0,"menu_order":0,"comment_status":"closed","ping_status":"closed","template":"","meta":{"footnotes":""},"class_list":["post-23","page","type-page","status-publish","hentry","post"],"_links":{"self":[{"href":"https:\/\/www.m4systems.cz\/index.php?rest_route=\/wp\/v2\/pages\/23","targetHints":{"allow":["GET"]}}],"collection":[{"href":"https:\/\/www.m4systems.cz\/index.php?rest_route=\/wp\/v2\/pages"}],"about":[{"href":"https:\/\/www.m4systems.cz\/index.php?rest_route=\/wp\/v2\/types\/page"}],"author":[{"embeddable":true,"href":"https:\/\/www.m4systems.cz\/index.php?rest_route=\/wp\/v2\/users\/1"}],"replies":[{"embeddable":true,"href":"https:\/\/www.m4systems.cz\/index.php?rest_route=%2Fwp%2Fv2%2Fcomments&post=23"}],"version-history":[{"count":10,"href":"https:\/\/www.m4systems.cz\/index.php?rest_route=\/wp\/v2\/pages\/23\/revisions"}],"predecessor-version":[{"id":36,"href":"https:\/\/www.m4systems.cz\/index.php?rest_route=\/wp\/v2\/pages\/23\/revisions\/36"}],"wp:attachment":[{"href":"https:\/\/www.m4systems.cz\/index.php?rest_route=%2Fwp%2Fv2%2Fmedia&parent=23"}],"curies":[{"name":"wp","href":"https:\/\/api.w.org\/{rel}","templated":true}]}}